{"id":2443,"date":"2026-03-01T10:52:56","date_gmt":"2026-03-01T09:52:56","guid":{"rendered":"https:\/\/www.anglerverein-daskow.de\/wordpress\/?page_id=2443"},"modified":"2026-03-01T11:03:24","modified_gmt":"2026-03-01T10:03:24","slug":"tag-der-gewaesserpflege-28-02-26","status":"publish","type":"page","link":"https:\/\/www.anglerverein-daskow.de\/wordpress\/?page_id=2443","title":{"rendered":"Tag der Gew\u00e4sserpflege (28.02.26)"},"content":{"rendered":"\t\t<div data-elementor-type=\"wp-page\" data-elementor-id=\"2443\" class=\"elementor elementor-2443\">\n\t\t\t\t\t\t\t<div class=\"elementor-element elementor-element-21e3acb8 e-flex e-con-boxed e-con e-parent\" data-id=\"21e3acb8\" data-element_type=\"container\" data-settings=\"{&quot;content_width&quot;:&quot;boxed&quot;}\" data-core-v316-plus=\"true\">\n\t\t\t\t\t<div class=\"e-con-inner\">\n\t\t\t\t<div class=\"elementor-element elementor-element-7ce57cca elementor-widget elementor-widget-heading\" data-id=\"7ce57cca\" data-element_type=\"widget\" data-widget_type=\"heading.default\">\n\t\t\t\t<div class=\"elementor-widget-container\">\n\t\t\t<style>\/*! elementor - v3.16.0 - 20-09-2023 *\/\n.elementor-heading-title{padding:0;margin:0;line-height:1}.elementor-widget-heading .elementor-heading-title[class*=elementor-size-]>a{color:inherit;font-size:inherit;line-height:inherit}.elementor-widget-heading .elementor-heading-title.elementor-size-small{font-size:15px}.elementor-widget-heading .elementor-heading-title.elementor-size-medium{font-size:19px}.elementor-widget-heading .elementor-heading-title.elementor-size-large{font-size:29px}.elementor-widget-heading .elementor-heading-title.elementor-size-xl{font-size:39px}.elementor-widget-heading .elementor-heading-title.elementor-size-xxl{font-size:59px}<\/style><h2 class=\"elementor-heading-title elementor-size-default\">Tag der Gew\u00e4sserpflege am 28. Februar 2026<\/h2>\t\t<\/div>\n\t\t\t\t<\/div>\n\t\t\t\t<div class=\"elementor-element elementor-element-764eecd1 elementor-widget elementor-widget-text-editor\" data-id=\"764eecd1\" data-element_type=\"widget\" data-widget_type=\"text-editor.default\">\n\t\t\t\t<div class=\"elementor-widget-container\">\n\t\t\t<style>\/*! elementor - v3.16.0 - 20-09-2023 *\/\n.elementor-widget-text-editor.elementor-drop-cap-view-stacked .elementor-drop-cap{background-color:#69727d;color:#fff}.elementor-widget-text-editor.elementor-drop-cap-view-framed .elementor-drop-cap{color:#69727d;border:3px solid;background-color:transparent}.elementor-widget-text-editor:not(.elementor-drop-cap-view-default) .elementor-drop-cap{margin-top:8px}.elementor-widget-text-editor:not(.elementor-drop-cap-view-default) .elementor-drop-cap-letter{width:1em;height:1em}.elementor-widget-text-editor .elementor-drop-cap{float:left;text-align:center;line-height:1;font-size:50px}.elementor-widget-text-editor .elementor-drop-cap-letter{display:inline-block}<\/style>\t\t\t\t<h5 style=\"text-align: center;\"><span style=\"color: #4977ad;\">Am Tag der Gew\u00e4sserpflege wurden dieses Jahr sechs Nistk\u00e4sten gebaut und rund um unser Vereinshaus angebracht. Entlang der Recknitz, sowie am Torf, wurde flei\u00dfig M\u00fcll gesammelt und fachgerecht entsorgt. Zudem haben wir Wege ges\u00e4ubert und die Stra\u00dfe zur Recknitz ausgebessert. Im Anschluss lie\u00dfen wir den Tag gemeinsam bei leckerem Eintopf, W\u00fcrstchen und erfrischenden Getr\u00e4nken ausklingen.<\/span><\/h5><h5 style=\"text-align: center;\"><span style=\"color: #4977ad;\">Vielen Dank an alle Helfer an diesem Tag!<\/span><\/h5>\t\t\t\t\t\t<\/div>\n\t\t\t\t<\/div>\n\t\t\t\t\t<\/div>\n\t\t\t\t<\/div>\n\t\t<div class=\"elementor-element elementor-element-18789b60 e-flex e-con-boxed e-con e-parent\" data-id=\"18789b60\" data-element_type=\"container\" data-settings=\"{&quot;content_width&quot;:&quot;boxed&quot;}\" data-core-v316-plus=\"true\">\n\t\t\t\t\t<div class=\"e-con-inner\">\n\t\t<div class=\"elementor-element elementor-element-5d110ff3 e-con-full e-flex e-con e-child\" data-id=\"5d110ff3\" data-element_type=\"container\" data-settings=\"{&quot;content_width&quot;:&quot;full&quot;}\">\n\t\t\t\t<div class=\"elementor-element elementor-element-51e81b62 elementor-widget elementor-widget-image\" data-id=\"51e81b62\" data-element_type=\"widget\" data-widget_type=\"image.default\">\n\t\t\t\t<div class=\"elementor-widget-container\">\n\t\t\t<style>\/*! elementor - v3.16.0 - 20-09-2023 *\/\n.elementor-widget-image{text-align:center}.elementor-widget-image a{display:inline-block}.elementor-widget-image a img[src$=\".svg\"]{width:48px}.elementor-widget-image img{vertical-align:middle;display:inline-block}<\/style>\t\t\t\t\t\t\t\t\t\t\t\t<img loading=\"lazy\" decoding=\"async\" width=\"600\" height=\"600\" src=\"https:\/\/www.anglerverein-daskow.de\/wordpress\/wp-content\/uploads\/2026\/03\/WhatsApp-Image-2026-02-28-at-20.44.16-1-600x600.jpeg\" class=\"attachment-ocean-thumb-m size-ocean-thumb-m wp-image-2421\" alt=\"\" srcset=\"https:\/\/www.anglerverein-daskow.de\/wordpress\/wp-content\/uploads\/2026\/03\/WhatsApp-Image-2026-02-28-at-20.44.16-1-600x600.jpeg 600w, https:\/\/www.anglerverein-daskow.de\/wordpress\/wp-content\/uploads\/2026\/03\/WhatsApp-Image-2026-02-28-at-20.44.16-1-150x150.jpeg 150w\" sizes=\"auto, (max-width: 600px) 100vw, 600px\" \/>\t\t\t\t\t\t\t\t\t\t\t\t\t\t\t<\/div>\n\t\t\t\t<\/div>\n\t\t\t\t<div class=\"elementor-element elementor-element-5bb52440 elementor-widget elementor-widget-image\" data-id=\"5bb52440\" data-element_type=\"widget\" data-widget_type=\"image.default\">\n\t\t\t\t<div class=\"elementor-widget-container\">\n\t\t\t\t\t\t\t\t\t\t\t\t\t\t\t<img loading=\"lazy\" decoding=\"async\" width=\"600\" height=\"600\" src=\"https:\/\/www.anglerverein-daskow.de\/wordpress\/wp-content\/uploads\/2026\/03\/WhatsApp-Image-2026-02-28-at-20.44.16-600x600.jpeg\" class=\"attachment-ocean-thumb-m size-ocean-thumb-m wp-image-2423\" alt=\"\" srcset=\"https:\/\/www.anglerverein-daskow.de\/wordpress\/wp-content\/uploads\/2026\/03\/WhatsApp-Image-2026-02-28-at-20.44.16-600x600.jpeg 600w, https:\/\/www.anglerverein-daskow.de\/wordpress\/wp-content\/uploads\/2026\/03\/WhatsApp-Image-2026-02-28-at-20.44.16-150x150.jpeg 150w\" sizes=\"auto, (max-width: 600px) 100vw, 600px\" \/>\t\t\t\t\t\t\t\t\t\t\t\t\t\t\t<\/div>\n\t\t\t\t<\/div>\n\t\t\t\t<div class=\"elementor-element elementor-element-5a7da67 elementor-widget elementor-widget-image\" data-id=\"5a7da67\" data-element_type=\"widget\" data-widget_type=\"image.default\">\n\t\t\t\t<div class=\"elementor-widget-container\">\n\t\t\t\t\t\t\t\t\t\t\t\t\t\t\t<img loading=\"lazy\" decoding=\"async\" width=\"600\" height=\"600\" src=\"https:\/\/www.anglerverein-daskow.de\/wordpress\/wp-content\/uploads\/2026\/03\/WhatsApp-Image-2026-03-01-at-10.49.35-600x600.jpeg\" class=\"attachment-ocean-thumb-m size-ocean-thumb-m wp-image-2446\" alt=\"\" srcset=\"https:\/\/www.anglerverein-daskow.de\/wordpress\/wp-content\/uploads\/2026\/03\/WhatsApp-Image-2026-03-01-at-10.49.35-600x600.jpeg 600w, https:\/\/www.anglerverein-daskow.de\/wordpress\/wp-content\/uploads\/2026\/03\/WhatsApp-Image-2026-03-01-at-10.49.35-150x150.jpeg 150w\" sizes=\"auto, (max-width: 600px) 100vw, 600px\" \/>\t\t\t\t\t\t\t\t\t\t\t\t\t\t\t<\/div>\n\t\t\t\t<\/div>\n\t\t\t\t<\/div>\n\t\t<div class=\"elementor-element elementor-element-12aaffd5 e-con-full e-flex e-con e-child\" data-id=\"12aaffd5\" data-element_type=\"container\" data-settings=\"{&quot;content_width&quot;:&quot;full&quot;}\">\n\t\t\t\t<div class=\"elementor-element elementor-element-1381d471 elementor-widget elementor-widget-image\" data-id=\"1381d471\" data-element_type=\"widget\" data-widget_type=\"image.default\">\n\t\t\t\t<div class=\"elementor-widget-container\">\n\t\t\t\t\t\t\t\t\t\t\t\t\t\t\t<img loading=\"lazy\" decoding=\"async\" width=\"600\" height=\"600\" src=\"https:\/\/www.anglerverein-daskow.de\/wordpress\/wp-content\/uploads\/2026\/03\/WhatsApp-Image-2026-02-28-at-20.44.17-6-600x600.jpeg\" class=\"attachment-ocean-thumb-m size-ocean-thumb-m wp-image-2429\" alt=\"\" srcset=\"https:\/\/www.anglerverein-daskow.de\/wordpress\/wp-content\/uploads\/2026\/03\/WhatsApp-Image-2026-02-28-at-20.44.17-6-600x600.jpeg 600w, https:\/\/www.anglerverein-daskow.de\/wordpress\/wp-content\/uploads\/2026\/03\/WhatsApp-Image-2026-02-28-at-20.44.17-6-150x150.jpeg 150w\" sizes=\"auto, (max-width: 600px) 100vw, 600px\" \/>\t\t\t\t\t\t\t\t\t\t\t\t\t\t\t<\/div>\n\t\t\t\t<\/div>\n\t\t\t\t<div class=\"elementor-element elementor-element-65855402 elementor-widget elementor-widget-image\" data-id=\"65855402\" data-element_type=\"widget\" data-widget_type=\"image.default\">\n\t\t\t\t<div class=\"elementor-widget-container\">\n\t\t\t\t\t\t\t\t\t\t\t\t\t\t\t<img loading=\"lazy\" decoding=\"async\" width=\"600\" height=\"600\" src=\"https:\/\/www.anglerverein-daskow.de\/wordpress\/wp-content\/uploads\/2026\/03\/WhatsApp-Image-2026-02-28-at-20.44.17-4-600x600.jpeg\" class=\"attachment-ocean-thumb-m size-ocean-thumb-m wp-image-2427\" alt=\"\" srcset=\"https:\/\/www.anglerverein-daskow.de\/wordpress\/wp-content\/uploads\/2026\/03\/WhatsApp-Image-2026-02-28-at-20.44.17-4-600x600.jpeg 600w, https:\/\/www.anglerverein-daskow.de\/wordpress\/wp-content\/uploads\/2026\/03\/WhatsApp-Image-2026-02-28-at-20.44.17-4-150x150.jpeg 150w\" sizes=\"auto, (max-width: 600px) 100vw, 600px\" \/>\t\t\t\t\t\t\t\t\t\t\t\t\t\t\t<\/div>\n\t\t\t\t<\/div>\n\t\t\t\t<div class=\"elementor-element elementor-element-4f4aa229 elementor-widget elementor-widget-image\" data-id=\"4f4aa229\" data-element_type=\"widget\" data-widget_type=\"image.default\">\n\t\t\t\t<div class=\"elementor-widget-container\">\n\t\t\t\t\t\t\t\t\t\t\t\t\t\t\t<img loading=\"lazy\" decoding=\"async\" width=\"600\" height=\"600\" src=\"https:\/\/www.anglerverein-daskow.de\/wordpress\/wp-content\/uploads\/2026\/03\/WhatsApp-Image-2026-02-28-at-20.44.17-5-600x600.jpeg\" class=\"attachment-ocean-thumb-m size-ocean-thumb-m wp-image-2428\" alt=\"\" srcset=\"https:\/\/www.anglerverein-daskow.de\/wordpress\/wp-content\/uploads\/2026\/03\/WhatsApp-Image-2026-02-28-at-20.44.17-5-600x600.jpeg 600w, https:\/\/www.anglerverein-daskow.de\/wordpress\/wp-content\/uploads\/2026\/03\/WhatsApp-Image-2026-02-28-at-20.44.17-5-150x150.jpeg 150w\" sizes=\"auto, (max-width: 600px) 100vw, 600px\" \/>\t\t\t\t\t\t\t\t\t\t\t\t\t\t\t<\/div>\n\t\t\t\t<\/div>\n\t\t\t\t<\/div>\n\t\t<div class=\"elementor-element elementor-element-1c1af15f e-con-full e-flex e-con e-child\" data-id=\"1c1af15f\" data-element_type=\"container\" data-settings=\"{&quot;content_width&quot;:&quot;full&quot;}\">\n\t\t\t\t<div class=\"elementor-element elementor-element-7be9b8a0 elementor-widget elementor-widget-image\" data-id=\"7be9b8a0\" data-element_type=\"widget\" data-widget_type=\"image.default\">\n\t\t\t\t<div class=\"elementor-widget-container\">\n\t\t\t\t\t\t\t\t\t\t\t\t\t\t\t<img loading=\"lazy\" decoding=\"async\" width=\"600\" height=\"600\" src=\"https:\/\/www.anglerverein-daskow.de\/wordpress\/wp-content\/uploads\/2026\/03\/WhatsApp-Image-2026-02-28-at-20.44.16-2-600x600.jpeg\" class=\"attachment-ocean-thumb-m size-ocean-thumb-m wp-image-2422\" alt=\"\" srcset=\"https:\/\/www.anglerverein-daskow.de\/wordpress\/wp-content\/uploads\/2026\/03\/WhatsApp-Image-2026-02-28-at-20.44.16-2-600x600.jpeg 600w, https:\/\/www.anglerverein-daskow.de\/wordpress\/wp-content\/uploads\/2026\/03\/WhatsApp-Image-2026-02-28-at-20.44.16-2-150x150.jpeg 150w\" sizes=\"auto, (max-width: 600px) 100vw, 600px\" \/>\t\t\t\t\t\t\t\t\t\t\t\t\t\t\t<\/div>\n\t\t\t\t<\/div>\n\t\t\t\t<div class=\"elementor-element elementor-element-4c2cd4f6 elementor-widget elementor-widget-image\" data-id=\"4c2cd4f6\" data-element_type=\"widget\" data-widget_type=\"image.default\">\n\t\t\t\t<div class=\"elementor-widget-container\">\n\t\t\t\t\t\t\t\t\t\t\t\t\t\t\t<img loading=\"lazy\" decoding=\"async\" width=\"600\" height=\"600\" src=\"https:\/\/www.anglerverein-daskow.de\/wordpress\/wp-content\/uploads\/2026\/03\/WhatsApp-Image-2026-03-01-at-10.49.36-600x600.jpeg\" class=\"attachment-ocean-thumb-m size-ocean-thumb-m wp-image-2447\" alt=\"\" srcset=\"https:\/\/www.anglerverein-daskow.de\/wordpress\/wp-content\/uploads\/2026\/03\/WhatsApp-Image-2026-03-01-at-10.49.36-600x600.jpeg 600w, https:\/\/www.anglerverein-daskow.de\/wordpress\/wp-content\/uploads\/2026\/03\/WhatsApp-Image-2026-03-01-at-10.49.36-150x150.jpeg 150w\" sizes=\"auto, (max-width: 600px) 100vw, 600px\" \/>\t\t\t\t\t\t\t\t\t\t\t\t\t\t\t<\/div>\n\t\t\t\t<\/div>\n\t\t\t\t<\/div>\n\t\t<div class=\"elementor-element elementor-element-1d429169 e-con-full e-flex e-con e-child\" data-id=\"1d429169\" data-element_type=\"container\" data-settings=\"{&quot;content_width&quot;:&quot;full&quot;}\">\n\t\t\t\t<\/div>\n\t\t<div class=\"elementor-element elementor-element-74cee4dc e-con-full e-flex e-con e-child\" data-id=\"74cee4dc\" data-element_type=\"container\" data-settings=\"{&quot;content_width&quot;:&quot;full&quot;}\">\n\t\t\t\t<\/div>\n\t\t\t\t\t<\/div>\n\t\t\t\t<\/div>\n\t\t\t\t\t\t\t<\/div>\n\t\t","protected":false},"excerpt":{"rendered":"<p>Tag der Gew\u00e4sserpflege am 28. Februar 2026 Am Tag der Gew\u00e4sserpflege wurden dieses Jahr sechs Nistk\u00e4sten gebaut und rund um unser Vereinshaus angebracht. Entlang der Recknitz, sowie am Torf, wurde [&hellip;]<\/p>\n","protected":false},"author":3,"featured_media":0,"parent":2418,"menu_order":0,"comment_status":"closed","ping_status":"closed","template":"","meta":{"ngg_post_thumbnail":0,"footnotes":""},"class_list":["post-2443","page","type-page","status-publish","hentry","entry"],"_links":{"self":[{"href":"https:\/\/www.anglerverein-daskow.de\/wordpress\/index.php?rest_route=\/wp\/v2\/pages\/2443","targetHints":{"allow":["GET"]}}],"collection":[{"href":"https:\/\/www.anglerverein-daskow.de\/wordpress\/index.php?rest_route=\/wp\/v2\/pages"}],"about":[{"href":"https:\/\/www.anglerverein-daskow.de\/wordpress\/index.php?rest_route=\/wp\/v2\/types\/page"}],"author":[{"embeddable":true,"href":"https:\/\/www.anglerverein-daskow.de\/wordpress\/index.php?rest_route=\/wp\/v2\/users\/3"}],"replies":[{"embeddable":true,"href":"https:\/\/www.anglerverein-daskow.de\/wordpress\/index.php?rest_route=%2Fwp%2Fv2%2Fcomments&post=2443"}],"version-history":[{"count":4,"href":"https:\/\/www.anglerverein-daskow.de\/wordpress\/index.php?rest_route=\/wp\/v2\/pages\/2443\/revisions"}],"predecessor-version":[{"id":2450,"href":"https:\/\/www.anglerverein-daskow.de\/wordpress\/index.php?rest_route=\/wp\/v2\/pages\/2443\/revisions\/2450"}],"up":[{"embeddable":true,"href":"https:\/\/www.anglerverein-daskow.de\/wordpress\/index.php?rest_route=\/wp\/v2\/pages\/2418"}],"wp:attachment":[{"href":"https:\/\/www.anglerverein-daskow.de\/wordpress\/index.php?rest_route=%2Fwp%2Fv2%2Fmedia&parent=2443"}],"curies":[{"name":"wp","href":"https:\/\/api.w.org\/{rel}","templated":true}]}}